{"id":175,"date":"2024-04-04T06:54:45","date_gmt":"2024-04-04T06:54:45","guid":{"rendered":"https:\/\/fitnesscloud.me\/?page_id=175"},"modified":"2024-04-30T21:32:52","modified_gmt":"2024-04-30T21:32:52","slug":"programi","status":"publish","type":"page","link":"https:\/\/djinavrbica.me\/?page_id=175","title":{"rendered":"Programi"},"content":{"rendered":"<p>[et_pb_section fb_built=&#8221;1&#8243; admin_label=&#8221;Programs&#8221; _builder_version=&#8221;4.24.3&#8243; background_image=&#8221;https:\/\/djinavrbica.me\/wp-content\/uploads\/2024\/03\/shapes-bg-1.png&#8221; background_size=&#8221;initial&#8221; custom_padding=&#8221;54px|0px|54px|0px|true|false&#8221; global_colors_info=&#8221;{}&#8221;][et_pb_row _builder_version=&#8221;4.16&#8243; global_colors_info=&#8221;{}&#8221;][et_pb_column type=&#8221;4_4&#8243; _builder_version=&#8221;4.16&#8243; custom_padding=&#8221;|||&#8221; global_colors_info=&#8221;{}&#8221; custom_padding__hover=&#8221;|||&#8221;][et_pb_blurb use_icon=&#8221;on&#8221; font_icon=&#8221;&#xf118;||fa||400&#8243; icon_color=&#8221;#ff7355&#8243; image_icon_width=&#8221;32px&#8221; _builder_version=&#8221;4.24.0&#8243; header_font=&#8221;Cabin Sketch|700||on|||||&#8221; header_text_color=&#8221;#2b76df&#8221; header_font_size=&#8221;20px&#8221; header_letter_spacing=&#8221;5px&#8221; header_line_height=&#8221;1.4em&#8221; text_orientation=&#8221;center&#8221; custom_margin=&#8221;||0px|&#8221; icon_font_size=&#8221;32px&#8221; locked=&#8221;off&#8221; global_colors_info=&#8221;{}&#8221;][\/et_pb_blurb][et_pb_text _builder_version=&#8221;4.24.0&#8243; text_font=&#8221;Rubik|500|||||||&#8221; text_font_size=&#8221;16px&#8221; text_line_height=&#8221;2em&#8221; header_font=&#8221;||||||||&#8221; header_font_size=&#8221;28px&#8221; header_2_font=&#8221;Rubik|700|||||||&#8221; header_2_font_size=&#8221;38px&#8221; header_2_line_height=&#8221;1.4em&#8221; header_5_font=&#8221;Rubik|700||on|||||&#8221; header_5_text_color=&#8221;#2b76df&#8221; header_5_letter_spacing=&#8221;5px&#8221; header_5_line_height=&#8221;1.5em&#8221; text_orientation=&#8221;center&#8221; max_width=&#8221;700px&#8221; module_alignment=&#8221;center&#8221; custom_margin=&#8221;|-17px||||&#8221; custom_margin_tablet=&#8221;0px|||&#8221; custom_margin_last_edited=&#8221;off|desktop&#8221; text_line_height_last_edited=&#8221;off|desktop&#8221; header_2_font_size_tablet=&#8221;&#8221; header_2_font_size_phone=&#8221;30px&#8221; header_2_font_size_last_edited=&#8221;on|phone&#8221; global_colors_info=&#8221;{}&#8221;]<\/p>\n<h2>Programi vaspitno-obrazovnog rada<\/h2>\n<p>Primarni programi koji se realizuju u Ustanovi su Program njege i vaspitno-obrazovnog rada sa djecom uzrasta do 3 godine i Program za podru\u010dja aktivnosti u pred\u0161kolskom vaspitanju i obrazovanju (od 3 do 6 godina). U zavisnosti od du\u017eine boravka djece u vaspitnim jedinicama, u \u0161kolskoj 2022\/2023. godini Primarni program \u0107e se realizovati kao:<\/p>\n<p>[\/et_pb_text][\/et_pb_column][\/et_pb_row][et_pb_row column_structure=&#8221;1_2,1_2&#8243; _builder_version=&#8221;4.16&#8243; custom_margin=&#8221;|||&#8221; custom_padding=&#8221;|||&#8221; global_colors_info=&#8221;{}&#8221;][et_pb_column type=&#8221;1_2&#8243; _builder_version=&#8221;4.16&#8243; custom_padding=&#8221;|||&#8221; global_colors_info=&#8221;{}&#8221; custom_padding__hover=&#8221;|||&#8221;][et_pb_blurb title=&#8221;Cjelodnevni program&#8221; use_icon=&#8221;on&#8221; font_icon=&#8221;&#xf017;||fa||400&#8243; icon_color=&#8221;#7f5aff&#8221; icon_placement=&#8221;left&#8221; image_icon_width=&#8221;32px&#8221; _builder_version=&#8221;4.24.0&#8243; header_font=&#8221;Rubik|500|||||||&#8221; header_font_size=&#8221;20px&#8221; header_line_height=&#8221;1.7em&#8221; body_font=&#8221;Rubik||||||||&#8221; body_line_height=&#8221;2em&#8221; custom_margin=&#8221;|||&#8221; custom_padding=&#8221;30px|30px|30px|30px|true|true&#8221; animation_style=&#8221;zoom&#8221; animation_intensity_zoom=&#8221;10%&#8221; border_radii=&#8221;on|5px|5px|5px|5px&#8221; border_width_top=&#8221;10px&#8221; border_color_top=&#8221;#7f5aff&#8221; box_shadow_style=&#8221;preset1&#8243; box_shadow_vertical=&#8221;20px&#8221; box_shadow_blur=&#8221;45px&#8221; box_shadow_spread=&#8221;-5px&#8221; box_shadow_color=&#8221;rgba(0,0,0,0.07)&#8221; icon_font_size=&#8221;32px&#8221; global_colors_info=&#8221;{}&#8221;]<\/p>\n<p>Od 7:00 do 17:00 \u010dasova, u trajanju do deset \u010dasova<\/p>\n<p>[\/et_pb_blurb][\/et_pb_column][et_pb_column type=&#8221;1_2&#8243; _builder_version=&#8221;4.16&#8243; custom_padding=&#8221;|||&#8221; global_colors_info=&#8221;{}&#8221; custom_padding__hover=&#8221;|||&#8221;][et_pb_blurb title=&#8221;Poludnevni program&#8221; use_icon=&#8221;on&#8221; font_icon=&#8221;&#x7d;||divi||400&#8243; icon_color=&#8221;#7f5aff&#8221; icon_placement=&#8221;left&#8221; image_icon_width=&#8221;32px&#8221; _builder_version=&#8221;4.24.0&#8243; header_font=&#8221;Rubik|500|||||||&#8221; header_font_size=&#8221;20px&#8221; header_line_height=&#8221;1.7em&#8221; body_font=&#8221;Rubik||||||||&#8221; body_line_height=&#8221;2em&#8221; custom_margin=&#8221;|||&#8221; custom_padding=&#8221;30px|30px|30px|30px|true|true&#8221; animation_style=&#8221;zoom&#8221; animation_intensity_zoom=&#8221;10%&#8221; border_radii=&#8221;on|5px|5px|5px|5px&#8221; border_width_top=&#8221;10px&#8221; border_color_top=&#8221;#7f5aff&#8221; box_shadow_style=&#8221;preset1&#8243; box_shadow_vertical=&#8221;20px&#8221; box_shadow_blur=&#8221;45px&#8221; box_shadow_spread=&#8221;-5px&#8221; box_shadow_color=&#8221;rgba(0,0,0,0.07)&#8221; icon_font_size=&#8221;32px&#8221; global_colors_info=&#8221;{}&#8221;]<\/p>\n<p>Od 7:00 do 12:10 \u010dasova, u trajanju od 5 \u010dasova i 10 minuta<\/p>\n<p>[\/et_pb_blurb][\/et_pb_column][\/et_pb_row][et_pb_row _builder_version=&#8221;4.24.0&#8243; _module_preset=&#8221;default&#8221; global_colors_info=&#8221;{}&#8221;][et_pb_column type=&#8221;4_4&#8243; _builder_version=&#8221;4.24.0&#8243; _module_preset=&#8221;default&#8221; global_colors_info=&#8221;{}&#8221;][et_pb_text _builder_version=&#8221;4.24.0&#8243; _module_preset=&#8221;default&#8221; global_colors_info=&#8221;{}&#8221;]<\/p>\n<p><strong>U \u0161kolskoj 2022\/23. godini nastavlja se realizacija Engleskog jezika kao podru\u010dja aktivnosti, Kra\u0107eg programa za podru\u010dja aktivnosti u pred\u0161kolskom vaspitanju i obrazovanju \u2013 za djecu godinu pred polazak u \u0161kolu, zatim Inkluzivnog programa, Tranzicionog programa, kao i Programa interaktivnih slu\u017ebi. Tako\u0111e, nastavak u ovoj \u0161kolskoj godini \u0107e imati i novi Program tematskih edukacija za roditelje sa modulima za grupe u riziku.<\/strong><\/p>\n<p>[\/et_pb_text][\/et_pb_column][\/et_pb_row][\/et_pb_section][et_pb_section fb_built=&#8221;1&#8243; admin_label=&#8221;Programs&#8221; _builder_version=&#8221;4.24.3&#8243; background_enable_color=&#8221;off&#8221; background_image=&#8221;https:\/\/djinavrbica.me\/wp-content\/uploads\/2024\/03\/shapes-bg-1.png&#8221; background_size=&#8221;initial&#8221; custom_padding=&#8221;54px|0px|54px|0px|true|false&#8221; global_colors_info=&#8221;{}&#8221;][et_pb_row admin_label=&#8221;Title Row&#8221; _builder_version=&#8221;4.24.3&#8243; background_color=&#8221;#8300E9&#8243; hover_enabled=&#8221;0&#8243; box_shadow_style=&#8221;preset2&#8243; global_colors_info=&#8221;{}&#8221; border_radii=&#8221;on|29px|29px|29px|29px&#8221; sticky_enabled=&#8221;0&#8243;][et_pb_column type=&#8221;4_4&#8243; _builder_version=&#8221;4.24.3&#8243; background_color=&#8221;#FFFFFF&#8221; custom_padding=&#8221;|||&#8221; global_colors_info=&#8221;{}&#8221; custom_padding__hover=&#8221;|||&#8221;][et_pb_text _builder_version=&#8221;4.24.3&#8243; text_font=&#8221;Rubik|500|||||||&#8221; text_font_size=&#8221;16px&#8221; text_line_height=&#8221;2em&#8221; header_font=&#8221;||||||||&#8221; header_text_color=&#8221;#FFFFFF&#8221; header_2_font=&#8221;Rubik|700|||||||&#8221; header_2_text_color=&#8221;#000000&#8243; header_2_font_size=&#8221;40px&#8221; header_2_line_height=&#8221;1.4em&#8221; header_5_font=&#8221;Rubik|700||on|||||&#8221; header_5_text_color=&#8221;#2b76df&#8221; header_5_letter_spacing=&#8221;5px&#8221; header_5_line_height=&#8221;1.5em&#8221; text_orientation=&#8221;center&#8221; max_width=&#8221;700px&#8221; module_alignment=&#8221;center&#8221; custom_margin=&#8221;|||&#8221; custom_margin_tablet=&#8221;0px|||&#8221; custom_margin_last_edited=&#8221;off|desktop&#8221; text_line_height_last_edited=&#8221;off|desktop&#8221; header_2_font_size_tablet=&#8221;&#8221; header_2_font_size_phone=&#8221;30px&#8221; header_2_font_size_last_edited=&#8221;on|phone&#8221; global_colors_info=&#8221;{}&#8221;]<\/p>\n<h2>Ostali programi i projekti<\/h2>\n<p>[\/et_pb_text][et_pb_text _builder_version=&#8221;4.24.3&#8243; _module_preset=&#8221;default&#8221; custom_padding=&#8221;|30px||30px|false|true&#8221; global_colors_info=&#8221;{}&#8221;]<\/p>\n<p>U \u0161kolskoj 2022\/2023. godini, nastavi\u0107e se sa realizacijom programa i projekata koji su se u Ustanovi sprovodili i tokom prethodnih godina. Tako\u0111e, nastavi\u0107emo se kontinuiranim zalaganjem da kroz iniciranje i u\u010de\u0161\u0107e u novim projektima i aktivnostima vaspitno-obrazovni proces oplemenimo sadr\u017eajima koji \u0107e ga \u201epodi\u0107i\u201c na jedan ve\u0107i, djetetu i njegovim razvojnim karakteristikama i potrebama podre\u0111en nivo.<\/p>\n<p>JPU \u201e\u0110ina Vrbica\u201c je u \u0161kolskoj 2021\/22. godini, pored jo\u0161 tri javne pred\u0161kolske ustanove u Crnoj Gori, odabrana za pilotiranje projekta \u201eCentri izvrnosti\u201c, koji su zami\u0161ljeni kao regionalni epicentri za razmjenu znanja, iskustava i primjera dobre prakse zaposlenih u pred\u0161kolskom sistemu vaspitanja i obrazovanja. Projekat je vo\u0111en idejom o podizanju kvaliteta rada i pru\u017eanju sveobuhvatne podr\u0161ke cjelovitom rastu i razvoju mali\u0161ana. Formirani Tim izvrsnosti se u \u0161kolskoj 2021\/22. godini predstavio temom \u201eLutkarske predstave, dramatizacija i dramske aktivnosti za djecu pred\u0161kolskog uzrasta 3-6 godina\u201c. U \u0161kolskoj 2022\/23. projekat \u0107e nastaviti da se realizuje, sa tim \u0161to \u0107e ulogu Centara izvrsnosti preuzeti nove pred\u0161kolske ustanove. Uloga JPU \u201e\u0110ina Vrbica\u201c \u0107e biti razmjena i preno\u0161enje znanja, kako bi novi Centri izvrnosti mogli da nastave uspje\u0161nu realizaciju projekta, \u0161to nadalje implicira i stvaranje optimalnijih uslova za odrastanje \u0161to ve\u0107eg broja mali\u0161ana na teritoriji Crne Gore. Tako\u0111e, na\u0161a Ustanova \u0107e nastaviti da kroz kontinuiran i posve\u0107en rad svojih zaposlenih nastavi sa realizovanjem lutkarskih predstava, dramatizacija i dramskih aktivnosti na nivou svojih objekata i opravda reputaciju Ustanove koja je u na\u0161oj zemlji prepoznata upravo po svom doprinosu dramskoj umjetnosti i lutkarstvu. Tendencija je da \u0161to ve\u0107i broj na\u0161ih vaspitnih jedinica postane svojevrstan \u201emali\u201c Centar izvrsnoti, koji \u0107e u javnosti biti prepoznat po nekom svom jedinstvenom i neponovljivom pe\u010datu, odnosno po odre\u0111enoj specifi\u010dnosti i posebnosti koja je jasno izdvaja od drugih vaspitnih jedinica koje funkcioni\u0161u kako u okviru JPU \u201e\u0110ina Vrbica\u201c, tako i na prosvetnom nebu Crne Gore.<\/p>\n<p>U \u0161kolskoj 2022\/23. godini planirano je i organizovanje aktivnosti za djecu na bolni\u010dkom lije\u010denju. Realizacija projekta je umnogome uslovljena razvojem trenutne epidemiolo\u0161ke situacije. Odabrani vaspita\u010di \u0107e, u saradnji sa pedago\u0161ko-psiholo\u0161kom slu\u017ebom, osmi\u0161ljavati odre\u0111ene aktivnosti, vode\u0107i ra\u010duna o uzrastu i vrsti bolesti djeteta. Cilj navedenih aktivnosti je da se olak\u0161a boravak i izmami osmijeh djeci koja se nalaze na du\u017eem bolni\u010dkom lije\u010denju.<\/p>\n<p>Program \u201eRoditeljstvo za cjelo\u017eivotno zdravlje\u201c, koji je u na\u0161oj zemlji akreditovan kao \u201eBri\u017ena porodica\u201c, je namijenjen roditeljima djece uzrasta 2 do 9 godina, koji \u017eele da unaprijede komunikaciju i kvalitet odnosa sa djecom, ali i da rije\u0161e konkretan izazov\/problem kada je roditeljstvo u pitanju. Obzirom da realizacija svakog novog ciklusa programa \u201eBri\u017ene porodice\u201c bilje\u017ei sve ve\u0107e interesovanje roditelja. U ovoj \u0161kolskoj godinu je planirana realizacija oba ciklusa (jesen, prolje\u0107e) sa po tri grupe roditelja, u vaspitnim jednicama \u201eDragan Radulovi\u0107\u201c, \u201eMali princ\u201c i \u201e\u0110ina Vrbica\u201c. Do sada obu\u010denom timu od 7 facilitatora, na\u0161ih zaposlenih, pridru\u017ei\u0107e se, po potrebi, i novi u skladu sa iskazanim interesovanjem roditelja za ovom vrstom podr\u0161ke.<\/p>\n<p>U \u0161kolskoj 2021\/22. godini, u saradnji sa JU Muzeji i galerije Podgorice udahnut je \u017eivot u pionir projekat \u201eU carstvu muzeja\u201c, namijenjen djeci starijih vrti\u0107kih grupa i njihovom neformalnom u\u010denju o kulturnoj ba\u0161tini i umjetnosti, razvoju kreativnosti i formiranju kulturnih navika. U projekat su bila uklju\u010dena djeca starosti od 5 do 6 godina, polaznici starijih vaspitno obrazovnih grupa iz Podgorice. Cilj projekta je doprinos razvoju kreativnosti, likovnosti i senzibiliteta za kulturno-istorijske i umjetni\u010dke vrijednosti kod djece pred\u0161kolskog uzrasta. Projekat \u0107e biti nastavljen i u \u0161kolskoj 2022\/23. godini.<\/p>\n<p>Me\u0111unarodni program Eko-\u0161kola bi\u0107e sproveden u na\u0161oj Ustanovi u periodu od 2022\/2023. godini po Metodologiji Sedam koraka i na osnovu procjene stanja u prijavljenim vaspitnim jedinicama.<\/p>\n<p>Vaspitne jedinice koje nastavljaju program Eko \u0161kole su: ,,Poletarac\u201d, ,,Leptiri\u0107\u201d, ,,Mogli\u201d, ,,Zvjezdani vrt\u201d, ,,\u0110ina Vrbica\u201d i \u201cDragan Radulovi\u0107\u201d.<\/p>\n<p>Oblasti koje \u0107e biti izabrane i u Akcionim planovima postavljeni ciljevi za realizaciju aktivnosti koje \u0107e biti usmjerene na podizanju ekolo\u0161ke svijesti djece i odraslih, zavisi\u0107e od potreba vaspitnih jedinica koje \u0107e biti u Programu Eko-\u0161kola.<\/p>\n<p>U realizaciji Akcionih planova osim Ustanove koja \u0107e aktivno ispratiti sve planirane aktivnosti i na zvani\u010dnoj facebook stranici objavljivati realizacije, u skladu sa epidemiolo\u0161kim mjerama bi\u0107e uklju\u010dena lokalna zajednica i sve institucije koje budu pokazale interesovanje za saradnju.<\/p>\n<p>Medijski \u0107e biti ispra\u0107ee sve aktivnosti, tako\u0111e u zavisnosti od epidemiolo\u0161ke situacije i propisanih mjera radi o\u010duvanja zdravlja.<\/p>\n<p>Projekat Pripremni vrti\u0107 \u0107e se realizovati u VJ ,,Srcolovka\u201c, u junu mjesecu 2023. godine. Realizaciji vaspitno-obrazovnog rada sa djecom RE populacije, koja nijesu uklju\u010dena u redovan sistem pred\u0161kolskog vaspitanja i obrazovanja, \u0107e prethoditi pripremne aktivnosti, koje podrazumijevaju terenski rad i promociju va\u017enosti pred\u0161kolskog vaspitanja i obrazovanja. U planu je i realizacija obuka za vaspita\u010de za sprovo\u0111enje ovog Projekta, kako bi se unaprijedio kvalitet rada sa djecom. Sve planirane aktivnosti \u0107e se realizovati u saradnji sa Ministarstvom prosvjete Crne Gore.<\/p>\n<p>Program Mladi Sportisti Specijalna Olimpijada Crne Gore, u \u0161kolskoj 2022\/2023. godini, nastavi\u0107e da se realizuje u postoje\u0107im, ali i implementira u okviru vaspitnih jedinica: \u201eLjubovi\u0107\u201c, \u201eMali Princ\u201c i \u201eStara Varo\u0161\u201c. Kroz realizaciju obuka u Ustanovi, sa pomenutim Programom bi\u0107e upoznati svi zaposleni u obavljanju vaspitno-obrazovnog rada. S obzirom da Program ve\u0107 godinama pokazuje izuzetne benefite za svu djecu, sa i bez intelektualnih smetnji, tendencija je da se isti realizuje i u ostalim vaspitnim jedinicama. Polaze\u0107i od navedenog, a u skladu sa mogu\u0107no\u0161\u0107u promjene dnevnog ritma, svi bi imali mogu\u0107nost realizacije u okviru svojih vaspitnih grupa. Program predvi\u0111a izvjesne tehni\u010dko-normativne zahtjeve. Svjesni smo na\u0161ih mogu\u0107nosti, kako u prostornim kapacitetima, tako i u pogledu osoblja, kao i brojnosti grupa. U takvim uslovima, jedino timskim radom je mogu\u0107a realizacija Programa, a samim tim i uklju\u010divanje u timove roditelja, asistenata i medicinskog osoblja. U tom smislu obuka \u0107e biti svima namijenjena.<\/p>\n<p>[\/et_pb_text][\/et_pb_column][\/et_pb_row][\/et_pb_section][et_pb_section fb_built=&#8221;1&#8243; admin_label=&#8221;Footer&#8221; _builder_version=&#8221;4.24.3&#8243; background_image=&#8221;https:\/\/djinavrbica.me\/wp-content\/uploads\/2024\/03\/jess-watters-483666-unsplash.jpg&#8221; parallax=&#8221;on&#8221; custom_margin=&#8221;|||&#8221; custom_padding=&#8221;|||&#8221; global_colors_info=&#8221;{}&#8221;][et_pb_row column_structure=&#8221;1_4,1_4,1_2&#8243; use_custom_gutter=&#8221;on&#8221; gutter_width=&#8221;2&#8243; make_equal=&#8221;on&#8221; _builder_version=&#8221;4.16&#8243; custom_padding=&#8221;|||&#8221; animation_style=&#8221;fade&#8221; border_radii=&#8221;on|10px|10px|10px|10px&#8221; global_colors_info=&#8221;{}&#8221;][et_pb_column type=&#8221;1_4&#8243; _builder_version=&#8221;4.16&#8243; custom_padding=&#8221;|||&#8221; global_colors_info=&#8221;{}&#8221; custom_padding__hover=&#8221;|||&#8221;][et_pb_number_counter title=&#8221;Vaspitnih jedinica&#8221; number=&#8221;17&#8243; percent_sign=&#8221;off&#8221; _builder_version=&#8221;4.24.0&#8243; title_font=&#8221;Rubik|700||on|||||&#8221; title_text_color=&#8221;#ffffff&#8221; title_font_size=&#8221;14px&#8221; title_letter_spacing=&#8221;5px&#8221; title_line_height=&#8221;1.5em&#8221; number_font=&#8221;Cabin Sketch|500|||||||&#8221; number_text_color=&#8221;#ffffff&#8221; number_font_size=&#8221;46px&#8221; number_line_height=&#8221;100px&#8221; background_color=&#8221;#2b76df&#8221; text_orientation=&#8221;left&#8221; background_layout=&#8221;dark&#8221; custom_padding=&#8221;50px|25px|15px|25px|false|true&#8221; border_radii=&#8221;on|10px|10px|10px|10px&#8221; global_colors_info=&#8221;{}&#8221;][\/et_pb_number_counter][et_pb_number_counter title=&#8221;Djece uzrasta od 1 do 6 godina&#8221; number=&#8221;5779&#8243; percent_sign=&#8221;off&#8221; _builder_version=&#8221;4.24.0&#8243; title_font=&#8221;Rubik|700||on|||||&#8221; title_text_color=&#8221;#ffffff&#8221; title_font_size=&#8221;14px&#8221; title_letter_spacing=&#8221;4px&#8221; title_line_height=&#8221;1.5em&#8221; number_font=&#8221;Cabin Sketch|500|||||||&#8221; number_text_color=&#8221;#ffffff&#8221; number_font_size=&#8221;46px&#8221; number_line_height=&#8221;100px&#8221; background_color=&#8221;#ff9c02&#8243; text_orientation=&#8221;left&#8221; background_layout=&#8221;dark&#8221; custom_margin=&#8221;30px|||&#8221; custom_margin_last_edited=&#8221;off|desktop&#8221; custom_padding=&#8221;50px|25px|15px|25px|false|true&#8221; border_radii=&#8221;on|10px|10px|10px|10px&#8221; global_colors_info=&#8221;{}&#8221;][\/et_pb_number_counter][\/et_pb_column][et_pb_column type=&#8221;1_4&#8243; _builder_version=&#8221;4.16&#8243; custom_padding=&#8221;|||&#8221; global_colors_info=&#8221;{}&#8221; custom_padding__hover=&#8221;|||&#8221;][et_pb_number_counter title=&#8221;Centralnih kuhinja&#8221; number=&#8221;5&#8243; percent_sign=&#8221;off&#8221; _builder_version=&#8221;4.24.0&#8243; title_font=&#8221;Rubik|700||on|||||&#8221; title_text_color=&#8221;#ffffff&#8221; title_font_size=&#8221;14px&#8221; title_letter_spacing=&#8221;5px&#8221; title_line_height=&#8221;1.5em&#8221; number_font=&#8221;Cabin Sketch|500|||||||&#8221; number_text_color=&#8221;#ffffff&#8221; number_font_size=&#8221;46px&#8221; number_line_height=&#8221;100px&#8221; background_color=&#8221;#ff7355&#8243; text_orientation=&#8221;left&#8221; background_layout=&#8221;dark&#8221; custom_padding=&#8221;50px|25px|15px|25px|false|true&#8221; border_radii=&#8221;on|10px|10px|10px|10px&#8221; global_colors_info=&#8221;{}&#8221;][\/et_pb_number_counter][et_pb_number_counter title=&#8221;Godina postojanja&#8221; number=&#8221;17&#8243; percent_sign=&#8221;off&#8221; _builder_version=&#8221;4.24.0&#8243; title_font=&#8221;Rubik|700||on|||||&#8221; title_text_color=&#8221;#ffffff&#8221; title_font_size=&#8221;14px&#8221; title_letter_spacing=&#8221;5px&#8221; title_line_height=&#8221;1.5em&#8221; number_font=&#8221;Cabin Sketch|500|||||||&#8221; number_text_color=&#8221;#ffffff&#8221; number_font_size=&#8221;46px&#8221; number_line_height=&#8221;100px&#8221; background_color=&#8221;#74bc19&#8243; text_orientation=&#8221;left&#8221; background_layout=&#8221;dark&#8221; custom_margin=&#8221;30px|||&#8221; custom_padding=&#8221;50px|25px|15px|25px|false|true&#8221; border_radii=&#8221;on|10px|10px|10px|10px&#8221; global_colors_info=&#8221;{}&#8221;][\/et_pb_number_counter][\/et_pb_column][et_pb_column type=&#8221;1_2&#8243; _builder_version=&#8221;4.16&#8243; custom_padding=&#8221;|||&#8221; global_colors_info=&#8221;{}&#8221; custom_padding__hover=&#8221;|||&#8221;][et_pb_cta title=&#8221;JPU \u0110ina Vrbica&#8221; button_url=&#8221;#top&#8221; _builder_version=&#8221;4.24.3&#8243; header_font=&#8221;Rubik|700|||||||&#8221; header_font_size=&#8221;40px&#8221; header_line_height=&#8221;1.4em&#8221; body_font=&#8221;Rubik||||||||&#8221; body_line_height=&#8221;2em&#8221; background_color=&#8221;#ffffff&#8221; custom_button=&#8221;on&#8221; button_text_size=&#8221;16px&#8221; button_text_color=&#8221;#ffffff&#8221; button_bg_color=&#8221;#7f5aff&#8221; button_border_width=&#8221;10px&#8221; button_border_color=&#8221;rgba(65,65,144,0)&#8221; button_border_radius=&#8221;70px&#8221; button_font=&#8221;Rubik|700|||||||&#8221; button_use_icon=&#8221;off&#8221; text_orientation=&#8221;left&#8221; background_layout=&#8221;light&#8221; max_width_last_edited=&#8221;off|desktop&#8221; module_alignment=&#8221;right&#8221; custom_margin=&#8221;|||&#8221; custom_padding=&#8221;50px|25px|15px|25px|false|true&#8221; custom_padding_tablet=&#8221;50px|25px|15px|25px|false|true&#8221; custom_padding_phone=&#8221;50px|25px|15px|25px|false|true&#8221; custom_padding_last_edited=&#8221;on|phone&#8221; header_font_size_tablet=&#8221;&#8221; header_font_size_phone=&#8221;30px&#8221; header_font_size_last_edited=&#8221;on|phone&#8221; body_line_height_last_edited=&#8221;off|desktop&#8221; border_radii=&#8221;on|10px|10px|10px|10px&#8221; button_text_color_hover=&#8221;#ffffff&#8221; button_border_radius_hover=&#8221;70px&#8221; button_bg_color_hover=&#8221;#9577ff&#8221; global_colors_info=&#8221;{}&#8221; button_text_size__hover_enabled=&#8221;off&#8221; button_one_text_size__hover_enabled=&#8221;off&#8221; button_two_text_size__hover_enabled=&#8221;off&#8221; button_text_color__hover_enabled=&#8221;on&#8221; button_text_color__hover=&#8221;#ffffff&#8221; button_one_text_color__hover_enabled=&#8221;off&#8221; button_two_text_color__hover_enabled=&#8221;off&#8221; button_border_width__hover_enabled=&#8221;off&#8221; button_one_border_width__hover_enabled=&#8221;off&#8221; button_two_border_width__hover_enabled=&#8221;off&#8221; button_border_color__hover_enabled=&#8221;off&#8221; button_one_border_color__hover_enabled=&#8221;off&#8221; button_two_border_color__hover_enabled=&#8221;off&#8221; button_border_radius__hover_enabled=&#8221;on&#8221; button_border_radius__hover=&#8221;70px&#8221; button_one_border_radius__hover_enabled=&#8221;off&#8221; button_two_border_radius__hover_enabled=&#8221;off&#8221; button_letter_spacing__hover_enabled=&#8221;off&#8221; button_one_letter_spacing__hover_enabled=&#8221;off&#8221; button_two_letter_spacing__hover_enabled=&#8221;off&#8221; button_bg_color__hover_enabled=&#8221;on&#8221; button_bg_color__hover=&#8221;#9577ff&#8221; button_one_bg_color__hover_enabled=&#8221;off&#8221; button_two_bg_color__hover_enabled=&#8221;off&#8221;]<\/p>\n<p><strong>Adresa: Ulica Mirka Banjevica br. 6, Stari Aerodrom, Podgorica, Crna Gora<\/strong><\/p>\n<p><strong>Telefon:<\/strong> +38220673748<\/p>\n<p><strong>Email:<\/strong> <a href=\"mailto:vrtic@djvrbica.edu.me\">vrtic@djvrbica.edu.me<\/a><\/p>\n<p>\u00a9 2024 JPU \u201c\u0110ina Vrbica\u201d \u2013 Podgorica.<br \/>Sva prava zadr\u017eana. Kreirao <a href=\"https:\/\/linkedin.com\/in\/senadbulic \">Senad Buli\u0107<\/a><\/p>\n<p>[\/et_pb_cta][\/et_pb_column][\/et_pb_row][\/et_pb_section]<\/p>\n","protected":false},"excerpt":{"rendered":"<p>Programi vaspitno-obrazovnog rada Primarni programi koji se realizuju u Ustanovi su Program njege i vaspitno-obrazovnog rada sa djecom uzrasta do 3 godine i Program za podru\u010dja aktivnosti u pred\u0161kolskom vaspitanju i obrazovanju (od 3 do 6 godina). U zavisnosti od du\u017eine boravka djece u vaspitnim jedinicama, u \u0161kolskoj 2022\/2023. godini Primarni program \u0107e se realizovati [&hellip;]<\/p>\n","protected":false},"author":1,"featured_media":0,"parent":0,"menu_order":0,"comment_status":"closed","ping_status":"closed","template":"","meta":{"_acf_changed":false,"_et_pb_use_builder":"on","_et_pb_old_content":"<!-- wp:divi\/placeholder \/-->","_et_gb_content_width":"","footnotes":""},"class_list":["post-175","page","type-page","status-publish","hentry"],"acf":[],"_links":{"self":[{"href":"https:\/\/djinavrbica.me\/index.php?rest_route=\/wp\/v2\/pages\/175","targetHints":{"allow":["GET"]}}],"collection":[{"href":"https:\/\/djinavrbica.me\/index.php?rest_route=\/wp\/v2\/pages"}],"about":[{"href":"https:\/\/djinavrbica.me\/index.php?rest_route=\/wp\/v2\/types\/page"}],"author":[{"embeddable":true,"href":"https:\/\/djinavrbica.me\/index.php?rest_route=\/wp\/v2\/users\/1"}],"replies":[{"embeddable":true,"href":"https:\/\/djinavrbica.me\/index.php?rest_route=%2Fwp%2Fv2%2Fcomments&post=175"}],"version-history":[{"count":27,"href":"https:\/\/djinavrbica.me\/index.php?rest_route=\/wp\/v2\/pages\/175\/revisions"}],"predecessor-version":[{"id":749,"href":"https:\/\/djinavrbica.me\/index.php?rest_route=\/wp\/v2\/pages\/175\/revisions\/749"}],"wp:attachment":[{"href":"https:\/\/djinavrbica.me\/index.php?rest_route=%2Fwp%2Fv2%2Fmedia&parent=175"}],"curies":[{"name":"wp","href":"https:\/\/api.w.org\/{rel}","templated":true}]}}